{"id":2602,"date":"2026-04-17T11:20:13","date_gmt":"2026-04-17T11:20:13","guid":{"rendered":"https:\/\/contigoantigua.es\/?page_id=2602"},"modified":"2026-04-17T15:36:07","modified_gmt":"2026-04-17T15:36:07","slug":"presentacion","status":"publish","type":"page","link":"https:\/\/contigoantigua.es\/?page_id=2602","title":{"rendered":"Presentacion"},"content":{"rendered":"\n<div class=\"mzb-heading mzb-heading-4c1310b6 mzb-heading-layout-1 mzb-heading-layout-1-style-2\"><div class=\"mzb-heading-inner mzb-post-heading\"><h2 class=\"mzb-heading-text undefined\" placeholder=\"This is heading\">Presentacion<\/h2><\/div><\/div>\n\n\n\n<p class=\"has-text-align-left giustifica\">LAS MUJERES Y LOS HOMBRES DE CONTIGO SALIMOS A GANAR PARA RECUPERAR LA CONFIANZA DE LA CIUDADAN\u00cdA HACIA LAS INSTITUCIONES DE FUERTEVENTURA. Con nuestras propuestas, nuestro trabajo y nuestra ilusi\u00f3n queremos mejorar el bienestar de nuestros ciudadanos dentro de un marco de desarrollo local compatible con el medio ambiente. El pr\u00f3ximo 28 de mayo celebraremos las Elecciones Municipales. Vamos a elegir a los concejales y concejalas que junto a los alcaldes representar\u00e1n a la ciudadan\u00eda de Fuerteventura en todos los Ayuntamientos. El programa municipal de Contigo es un compromiso con todos vosotros y toda la ciudadan\u00eda, que en nuestras acciones refleja nuestra pol\u00edtica y nuestras ideas de sociedad justa e igualitaria. Nosotros somos diferentes, como es diferente nuestra forma de actuar con la gente, con la sociedad civil y con todo el mundo de las asociaciones sea del tipo que sea, como culturales, deportivas, de profesionales, de mujeres, de j\u00f3venes o de mayores. En todas nuestras acciones y propuestas pol\u00edticas ponemos en el centro a las personas con todo lo que esto representa, como derechos, bienestar y participaci\u00f3n ciudadana. Todo esto es posible y vamos a realizarlo, porque todas las mujeres y los hombres de CONTIGO lo demuestran cada d\u00eda con su implicaci\u00f3n con la sociedad, colaborando con el tejido social y involucr\u00e1ndose sin l\u00edmites para solucionar problemas que afectan a sus vecinas y vecinos sin pedir nada a cambio. Con nuestra ilusi\u00f3n y nuestro amor y respeto hacia las instituciones podemos y debemos acercar la ciudadan\u00eda que est\u00e1 llena de desconfianza. Todo esto requiere una visi\u00f3n nueva de la pol\u00edtica que debe primero solucionar la prioridad de cada ciudadano y ciudadana como de las familias como n\u00facleo fundamental y sin el cual nuestra sociedad se ve destinada a la desertificaci\u00f3n de las relaciones sociales y a la desafecci\u00f3n democr\u00e1tica. Nosotros somos por una completa autonom\u00eda local donde los Ayuntamientos como primera instituci\u00f3n cercana a la ciudadan\u00eda recupere competencia as\u00ed de revertir los recortes de los \u00faltimos a\u00f1os en la prestaciones y los servicios p\u00fablicos de calidad hacia la ciudadan\u00eda. Por esto, CONTIGO Antigua asume con la presentaci\u00f3n de este programa el compromiso de transformar totalmente el Municipio de Antigua. Nosotros de CONTIGO Antigua apostamos por municipios fuertes, con total capacidad de decisi\u00f3n y con recursos adecuados para dar respuestas a las demandas ciudadanas, aprovechando de todos los recursos proprios de las arcas municipales y de todos los recursos puestos a disposici\u00f3n desde las instituciones superiores hasta los fondos europeos con un equipo de asesoramiento que permita realizar todas las obras y cuanto sea necesario sin gravar en el bolsillo de la ciudadan\u00eda.<br>Queremos garantizar, en nuestros barrios, que los ciudadanos independientemente del lugar donde vivan puedan acceder a un conjunto homog\u00e9neo de servicios. Somos conscientes de la especial atenci\u00f3n que tenemos que poner en las zonas rurales para lograr su convergencia con el mundo urbano, luchando contra la despoblaci\u00f3n, preservando los peque\u00f1os n\u00facleos de poblaci\u00f3n con toda su riqueza ecol\u00f3gica, cultural, hist\u00f3rica, patrimonial y paisaj\u00edstica, as\u00ed como a la zona tur\u00edstica como motor y generador de econom\u00eda. Presentamos un programa hecho con y para los ciudadanos y ciudadanas. Queremos garantizar la cohesi\u00f3n social, luchar contra las desigualdades y potenciar la igualdad de oportunidades, para que nadie se vea desfavorecido. Creemos en un Ayuntamiento cercano a la gente, moderno, transparente, participativo, seguro y ejemplarizante, impulsor de un desarrollo sostenible como eje vertebrador de nuestros pueblos, que generen pol\u00edticas para el empleo y contribuyan a relanzar la econom\u00eda del municipio. Apostamos, en definitiva, con las propuestas de este programa municipal, por un ayuntamiento abierto a la ciudadan\u00eda, integrador, sensible con la diversidad, impulsore de la tolerancia y de la libertad. Desde nuestra ilusi\u00f3n y compromiso con la gente, los hombres y las mujeres de CONTIGO os presentamos una selecci\u00f3n de 27 \u00e1reas del Programa de Contigo \u00abMunicipio del Futuro\u00bb<\/p>\n\n\n\n<p><\/p>\n\n\n\n<p><\/p>\n","protected":false},"excerpt":{"rendered":"<p>LAS MUJERES Y LOS HOMBRES DE CONTIGO SALIMOS A GANAR PARA RECUPERAR LA CONFIANZA DE LA CIUDADAN\u00cdA HACIA LAS INSTITUCIONES<\/p>\n","protected":false},"author":1,"featured_media":0,"parent":0,"menu_order":0,"comment_status":"closed","ping_status":"closed","template":"","meta":{"colormag_page_container_layout":"default_layout","colormag_page_sidebar_layout":"default_layout","footnotes":""},"class_list":["post-2602","page","type-page","status-publish","hentry"],"magazineBlocksPostFeaturedMedia":{"thumbnail":false,"medium":false,"medium_large":false,"large":false,"1536x1536":false,"2048x2048":false,"colormag-highlighted-post":false,"colormag-featured-post-medium":false,"colormag-featured-post-small":false,"colormag-featured-image":false,"colormag-default-news":false,"colormag-featured-image-large":false},"magazineBlocksPostAuthor":{"name":"Contigo2027","avatar":"https:\/\/secure.gravatar.com\/avatar\/4d4b179ec427191691642b4d4c7b40084b0b32716420eecad85472183551d564?s=96&d=mm&r=g"},"magazineBlocksPostCommentsNumber":false,"magazineBlocksPostExcerpt":"LAS MUJERES Y LOS HOMBRES DE CONTIGO SALIMOS A GANAR PARA RECUPERAR LA CONFIANZA DE LA CIUDADAN\u00cdA HACIA LAS INSTITUCIONES","magazineBlocksPostCategories":[],"magazineBlocksPostViewCount":0,"magazineBlocksPostReadTime":4,"_links":{"self":[{"href":"https:\/\/contigoantigua.es\/index.php?rest_route=\/wp\/v2\/pages\/2602","targetHints":{"allow":["GET"]}}],"collection":[{"href":"https:\/\/contigoantigua.es\/index.php?rest_route=\/wp\/v2\/pages"}],"about":[{"href":"https:\/\/contigoantigua.es\/index.php?rest_route=\/wp\/v2\/types\/page"}],"author":[{"embeddable":true,"href":"https:\/\/contigoantigua.es\/index.php?rest_route=\/wp\/v2\/users\/1"}],"replies":[{"embeddable":true,"href":"https:\/\/contigoantigua.es\/index.php?rest_route=%2Fwp%2Fv2%2Fcomments&post=2602"}],"version-history":[{"count":7,"href":"https:\/\/contigoantigua.es\/index.php?rest_route=\/wp\/v2\/pages\/2602\/revisions"}],"predecessor-version":[{"id":2627,"href":"https:\/\/contigoantigua.es\/index.php?rest_route=\/wp\/v2\/pages\/2602\/revisions\/2627"}],"wp:attachment":[{"href":"https:\/\/contigoantigua.es\/index.php?rest_route=%2Fwp%2Fv2%2Fmedia&parent=2602"}],"curies":[{"name":"wp","href":"https:\/\/api.w.org\/{rel}","templated":true}]}}